= -q - 2*y + 170 - 68, l = 2*y. Calculate the highest common factor of 115 and q.
23
Let z = -542 + 857. Let o = z - 234. Calculate the greatest common divisor of o and 135.
27
Let b(k) = 2*k**2 - 2*k - 2. Let g be b(-2). Suppose 0 = -v - 4*i + 28, 0 = 48*i - 53*i + 10. Calculate the greatest common divisor of v and g.
10
Let o be (-4)/(-8)*(1 + 9). Suppose b + 2 = o. Let d = 9095 - 9092. What is the highest common factor of d and b?
3
Suppose -29*c = -15*c. Suppose -2*k - 5 + 21 = c. Suppose -9*h = -k - 19. Calculate the greatest common factor of 6 and h.
3
Let o(z) = 8*z**2 - 12*z - 13. Let d be o(-1). Suppose 5*l - 5*m = 790, -3*l = d*m - 3*m - 439. Calculate the greatest common divisor of l and 45.
9
Suppose 217 = 7*o - 252. Suppose 0 = 20*g - 17*g - 417. Let w = g - o. Calculate the highest common factor of 24 and w.
24
Suppose 222 = -6*q - 0*q. Let l = 79 + q. Let r be 36/l - 1/(-7). What is the greatest common divisor of 7 and r?
1
Suppose 10*a - 1462 = -352. Calculate the highest common divisor of 24 and a.
3
Let f = 6653 + -3993. Calculate the highest common divisor of f and 133.
133
Let c be 67 + (2/(-1))/(-1). Suppose -491 - 367 = 11*l. Let q = -32 - l. What is the highest common divisor of c and q?
23
Let o be 6 - ((-47)/(-4)*-1 + 16/(-64)). What is the greatest common divisor of o and 99?
9
Let u be 1/2 - ((-9)/(-6) + -3). Suppose -u*o + 11 = -1. Suppose o*b - 17 = -5. What is the highest common factor of 2 and b?
2
Suppose -1294*l - 841 = -1323*l. Calculate the greatest common factor of 928 and l.
29
Suppose 5*l = 247 + 128. Let s = 95 - l. Let x = s - 9. Calculate the greatest common divisor of 77 and x.
11
Suppose 83 = -4*m + 251. Suppose 386*i - 40*i - 24530 = -310. Calculate the greatest common factor of m and i.
14
Let q(h) = 16*h - 165. Let g be q(-5). Let t = g - -325. Calculate the highest common factor of 260 and t.
20
Suppose 1422 = 9*n + 198. Let i = n + -82. Calculate the highest common factor of i and 27.
27
Let g = -432 - -744. What is the highest common factor of 108 and g?
12
Let w be 15 + 2 - (-19 + 20). Suppose 4*m = 21*c - w*c - 13, 10 = 5*m - c. Calculate the greatest common divisor of 1 and m.
1
Let s(a) = -50*a + 112. Let v be s(-6). Let i be v/12 - (-5)/((-15)/(-2)). Calculate the highest common divisor of i and 42.
7
Suppose -220*f - 112*f + 573696 = 0. Calculate the greatest common factor of 504 and f.
72
Suppose -47 = -4*d + 233. Let b(u) = -9*u - 26. Suppose -2*x - 2*s + 20 = 22, -s + 23 = -5*x. Let l be b(x). What is the greatest common divisor of l and d?
10
Let u = 9 + -4. Suppose 3*w - v = w + 25, u*w = -4*v + 30. Let n(p) = p**2 + 7*p + 12. Let s be n(7). What is the highest common factor of w and s?
10
Let t = -6210 + 10837. Calculate the highest common divisor of t and 28.
7
Let a(n) = -34*n + 113. Let q be a(2). What is the greatest common factor of 915 and q?
15
Let m be 7 + (-10)/(40/(-4516)). Calculate the highest common divisor of 352 and m.
16
Let i be 6/(-4)*(-55 - -53). Let j(a) = 9*a**2 - 6*a + 17. Let y be j(i). Calculate the greatest common factor of 10 and y.
10
Suppose -86*d + 202*d = 16704. Calculate the highest common divisor of 4023 and d.
9
Let o = -128 + 28. Let d(u) = -3*u**2 + 2*u - 4. Let a be d(4). Let w = a - o. Calculate the highest common divisor of w and 8.
8
Let o be 12/(-18) + 115/15. Suppose o*l + 3*l = 600. What is the highest common factor of 780 and l?
60
Suppose 38 + 88 = 14*l. Suppose l*s = s + 144. Calculate the highest common divisor of s and 6.
6
Let a(l) = 131*l**2 + l + l + 0*l - l. Let d be a(1). Suppose 2*x + 255 = 5*z + 187, -36 = -2*z + 3*x. Calculate the greatest common divisor of z and d.
12
Suppose -12702 = 3*h - 13*h - 3*i, h - 5*i = 1249. What is the highest common divisor of h and 54?
27
Suppose -5*g = 5*u - 530, 55*u - 59*u - 8 = 0. What is the greatest common factor of 7101 and g?
27
Suppose -1705 = -22*y + 2321. Suppose -f + y = -42. Calculate the highest common factor of 25 and f.
25
Suppose 1563 = -11*o + 12*o - 2*y, 0 = -3*o + 2*y + 4713. Calculate the greatest common divisor of 28 and o.
7
Let i be ((-12)/9)/((-8)/12). Suppose 17 = -y + 23. Suppose -9*a + 72 = -y*a. What is the greatest common divisor of a and i?
2
Let k = -3886 + 5316. What is the greatest common factor of 78 and k?
26
Let b(h) = 133*h - 504. Let a be b(4). Calculate the greatest common factor of 518 and a.
14
Suppose 3*h - 8286 - 2469 = -2*i, h - 3585 = 3*i. Calculate the greatest common divisor of 30 and h.
15
Let d be (-8)/(-3)*81/2. Let i(j) = 251*j + 1508. Let l be i(-6). Suppose w + 1 = 0, 0*w - d = -5*b - l*w. Calculate the greatest common factor of b and 22.
22
Suppose -2*m + 2033 = -9*s + 14*s, 5*s - 3*m = 2013. Calculate the highest common divisor of 60 and s.
15
Suppose 2*k + 5*o - 7929 = 0, 3*k - 3019 = -o + 8894. What is the highest common divisor of 36 and k?
12
Suppose 146*g - 1837786 - 272414 = 453998. What is the greatest common factor of g and 13?
13
Let t(g) be the first derivative of -g**2/2 - 7*g + 17. Let q be t(-21). Let u = -34 - -48. Calculate the greatest common divisor of q and u.
14
Let o(r) = 145*r**2 - 6*r + 90. Let u be o(-8). Calculate the greatest common factor of 34 and u.
34
Let c = 14327 + -14101. What is the greatest common divisor of c and 2599?
113
Suppose 0 = -5*n - 25, 5*h + 3*n + 0*n = 230. Let j be 14/h - 892/(-14). Let g = 122 + -106. Calculate the highest common factor of j and g.
16
Let o be 4/6 - 21/(-9). Let i be (-6)/o - (-154)/1. Suppose 3*w + 53 = i. Calculate the greatest common divisor of 3 and w.
3
Suppose 311*b - 312*b + 5*d = -5248, -d + 15744 = 3*b. Calculate the greatest common divisor of 128 and b.
128
Let c = 6067 - 5995. Suppose -1260 = -5*g - 4*s, 504 = -2*g + 4*g - s. Calculate the highest common divisor of c and g.
36
Suppose 4*c - 2*f - 240 = 0, -2*c - 7*f + 9*f + 114 = 0. What is the highest common divisor of 2226 and c?
21
Let x = -675 - -3897. Calculate the greatest common factor of 6 and x.
6
Let i = 6849 + -6834. Calculate the greatest common divisor of 8445 and i.
15
Suppose 0 = 5*x - 5, -5*x - 88 = -5*k + 5667. What is the highest common divisor of 1296 and k?
144
Suppose 0 = 2*u - 4*f - 6, -2*u + f = -3*u + 18. Let t(b) = b**2 - 16*b + 43. Let j be t(u). What is the highest common divisor of j and 220?
4
Suppose 5*q + 4*v - 12 + 6 = 0, 0 = -2*q + 2*v - 12. Let d be (27/(-6) + 0/(-9))*q. What is the highest common divisor of d and 27?
9
Let s(i) = i**2 - 2*i - 145. Let t be s(13). Suppose -4 = -m - 1. Let f = m + t. Calculate the greatest common factor of f and 1.
1
Let y(u) = -u**3 - 59*u**2 - 63*u - 208. Let o be y(-58). Calculate the greatest common factor of 205 and o.
41
Let r(x) = 317*x + 47. Let k be r(3). Suppose -p + 2 = 0, -4*o + 5*p - 4*p + k = 0. What is the highest common factor of 10 and o?
10
Let r(i) = 4*i + 26. Let c be r(-6). Suppose x = 4*o, -x = c*x + 2*o. Suppose x*l - 75 = -3*l. Calculate the highest common factor of l and 25.
25
Suppose 1462*b = 1466*b - 240. Let r be ((-5)/((-5)/2))/2. Let m be 21 + r + (0 - -2). Calculate the highest common factor of b and m.
12
Suppose 802*s = 797*s + 2*c + 24328, s - 4*c = 4880. What is the greatest common divisor of 76 and s?
76
Let k = -13377 + 20824. Calculate the highest common divisor of 22 and k.
11
Let i(p) = -19*p - 21. Let l(d) = 1. Let q(b) = -i(b) - 2*l(b). Let z be q(5). Suppose 36 = -3*y + 9*y. Calculate the greatest common divisor of z and y.
6
Let d(q) = -20*q + 970. Let k be d(48). What is the greatest common divisor of 110 and k?
10
Let s(g) = -3*g**2 + g + 67. Let p be s(0). Suppose -28*d + 1206 = -10*d. What is the highest common divisor of d and p?
67
Let k(d) = -d + 5. Let o = -154 - -143. Let p be k(o). Calculate the greatest common divisor of 40 and p.
8
Let f = -745 - -805. Suppose a - 2 = f. Calculate the greatest common factor of a and 1426.
62
Let c = 4371 - 4211. Calculate the highest common factor of c and 416.
32
Suppose 82*v - 2616 = -976. Calculate the greatest common divisor of v and 18.
2
Let s be -3 + -3*53/(-3). Let p = s - 28. Let q be (-55)/((-12)/(-2) - 10)*8. What is the highest common factor of q and p?
22
Let n be 20*(-15)/(-12)*(-44)/(-20). Let p = 46 - n. Let g be ((-30)/7)/(p/42). Calculate the